{"id":539,"date":"2017-06-29T16:39:37","date_gmt":"2017-06-29T14:39:37","guid":{"rendered":"http:\/\/www.hamami.de\/?page_id=539"},"modified":"2017-06-29T16:43:06","modified_gmt":"2017-06-29T14:43:06","slug":"nachtgedanken","status":"publish","type":"page","link":"http:\/\/www.hamami.de\/?page_id=539","title":{"rendered":"Nachtgedanken"},"content":{"rendered":"<blockquote><p>&#8230; auf der Suche nach dem Sinn des Lebens<\/p><\/blockquote>\n<p><a href=\"http:\/\/www.hamami.de\/wp-content\/uploads\/2017\/06\/Nachtgedanken.jpg\"><img loading=\"lazy\" decoding=\"async\" class=\"size-medium wp-image-540 alignright\" src=\"http:\/\/www.hamami.de\/wp-content\/uploads\/2017\/06\/Nachtgedanken-211x300.jpg\" alt=\"\" width=\"211\" height=\"300\" srcset=\"http:\/\/www.hamami.de\/wp-content\/uploads\/2017\/06\/Nachtgedanken-211x300.jpg 211w, http:\/\/www.hamami.de\/wp-content\/uploads\/2017\/06\/Nachtgedanken.jpg 352w\" sizes=\"auto, (max-width: 211px) 100vw, 211px\" \/><\/a>Nach einem langen und facettenreichen Leben stellt sich der Autor die wohl 3 wichtigsten Fragen, auf die jeder nachdenkliche Mensch eine Antwort sucht:<\/p>\n<p style=\"text-align: center;\"><strong>Wer bin ich?<\/strong><\/p>\n<p style=\"text-align: center;\"><strong>Wo komme ich her?<\/strong><\/p>\n<p style=\"text-align: center;\"><strong>Wo gehe ich hin?&nbsp;<\/strong><\/p>\n<p>Auch wenn zuerst in der Gegen\u00fcberstellung eines Menschen zur unendlichen Gr\u00f6\u00dfe des Weltraums die Erkenntnis reift, dass jeder von uns nur einem Staubkorn gleichzusetzen ist, findet der Autor nach langen, schlaflosen N\u00e4chten eine \u00fcberraschende und ihn befriedigende Antwort auf seine Fragen.<\/p>\n<p><strong>Nicht nur als Leiter eines SOS-Kinderdorfes<\/strong>, sondern sein ganzes Leben lang hat Hans-Manfred Milde im engsten Kontakt mit Menschen gestanden &#8211; gleich, ob es alleinstehende Kinder waren oder Erwachsene, die am Rand der Gesellschaft lebten. Auch in seinen literarischen Arbeiten befasste er sich mit den zwischenmenschlichen Spannungsfeldern, in denen wir alle auf dieser Erde leben.<\/p>\n<p>BoD-Verlag Norderstedt<br \/>\nISBN&nbsp;978-3-7448-3765-1<\/p>\n<p><em>Nat\u00fcrlich auch als ebook<\/em><\/p>\n","protected":false},"excerpt":{"rendered":"<p>&#8230; auf der Suche nach dem Sinn des Lebens Nach einem langen und facettenreichen Leben stellt sich der Autor die wohl 3 wichtigsten Fragen, auf die jeder nachdenkliche Mensch eine Antwort sucht: Wer bin ich? Wo komme ich her? Wo gehe ich hin?&nbsp; Auch wenn zuerst in der Gegen\u00fcberstellung eines Menschen zur unendlichen Gr\u00f6\u00dfe des [&hellip;]<\/p>\n","protected":false},"author":1,"featured_media":0,"parent":0,"menu_order":0,"comment_status":"closed","ping_status":"closed","template":"","meta":{"ngg_post_thumbnail":0,"footnotes":""},"class_list":["post-539","page","type-page","status-publish","hentry"],"_links":{"self":[{"href":"http:\/\/www.hamami.de\/index.php?rest_route=\/wp\/v2\/pages\/539","targetHints":{"allow":["GET"]}}],"collection":[{"href":"http:\/\/www.hamami.de\/index.php?rest_route=\/wp\/v2\/pages"}],"about":[{"href":"http:\/\/www.hamami.de\/index.php?rest_route=\/wp\/v2\/types\/page"}],"author":[{"embeddable":true,"href":"http:\/\/www.hamami.de\/index.php?rest_route=\/wp\/v2\/users\/1"}],"replies":[{"embeddable":true,"href":"http:\/\/www.hamami.de\/index.php?rest_route=%2Fwp%2Fv2%2Fcomments&post=539"}],"version-history":[{"count":7,"href":"http:\/\/www.hamami.de\/index.php?rest_route=\/wp\/v2\/pages\/539\/revisions"}],"predecessor-version":[{"id":547,"href":"http:\/\/www.hamami.de\/index.php?rest_route=\/wp\/v2\/pages\/539\/revisions\/547"}],"wp:attachment":[{"href":"http:\/\/www.hamami.de\/index.php?rest_route=%2Fwp%2Fv2%2Fmedia&parent=539"}],"curies":[{"name":"wp","href":"https:\/\/api.w.org\/{rel}","templated":true}]}}